= 64112*l - 384676. Give p(6).
-4
Let q(x) = -x**3 - 28*x**2 - 202*x - 109. What is q(-24)?
2435
Let a(q) = 6*q**3 - 865*q**2 + 2675*q + 572. Give a(141).
8
Let w(d) = -d**3 - 962*d**2 - 8587*d - 148. Determine w(-9).
-58
Let z(s) = 2*s**2 - 67*s + 761. Calculate z(9).
320
Let u(w) = -4*w**3 - 34*w**2 - 217*w - 5. What is u(-6)?
937
Let q(b) = 683*b**2 - 3416*b + 13. Give q(5).
8
Let b(y) = -y**3 + 54*y**2 - 151*y + 3232. Calculate b(52).
788
Let g(u) = -818*u - 43347. What is g(-53)?
7
Let o(w) = -199*w + 54390. Calculate o(273).
63
Let w(g) = 400*g - 38707. What is w(95)?
-707
Let a(d) = 3*d**2 + 3438*d + 30684. Calculate a(-9).
-15
Let i(h) = -47*h**3 - 1437*h**2 + 618*h - 62. What is i(-31)?
0
Let i(n) = 2*n**2 + 832*n + 21725. What is i(-28)?
-3
Let y(h) = 11*h**2 - 2897*h + 4780. What is y(262)?
850
Let c(m) = 50*m**2 - 4394*m - 25. Calculate c(88).
503
Let x(n) = -3552*n + 227346. What is x(64)?
18
Let a(o) = -3*o**3 - 594*o**2 + 589*o - 1696. Give a(-199).
-104
Let l(o) = 3*o**3 + 102*o**2 + 51*o - 1617. Give l(-33).
-33
Let x(b) = -26*b**2 - 3085*b - 1943. Determine x(-118).
63
Let v(l) = -l**2 - 145*l - 403. Calculate v(-142).
23
Let n(d) = -5*d**2 + 209*d - 242. Calculate n(41).
-78
Let d(o) = 71*o - 386. What is d(4)?
-102
Let m(i) = -2*i**3 + 60*i**2 + 708*i - 22230. Determine m(29).
-16
Let i(o) = -2459*o**2 - 7364*o + 33. Calculate i(-3).
-6
Let u(g) = -16*g**2 - 234*g + 2461. Calculate u(13).
-3285
Let r(x) = 125*x**2 + 31*x + 9. Give r(-2).
447
Let w(p) = -p**3 - 4*p**2 + 885*p + 307. Calculate w(28).
-1
Let b(v) = -142213*v + 11803672. Determine b(83).
-7
Let d(g) = g**3 - 32*g**2 - 74*g + 217. Give d(34).
13
Let h(o) = 2441*o - 11209. Determine h(5).
996
Let i(m) = -m**3 + 311*m**2 + 4202*m - 39. Calculate i(-13).
91
Let c(g) = -31*g**3 + 1488*g**2 - 6*g + 294. What is c(48)?
6
Let b(n) = 6*n**3 + 142*n**2 - 60*n - 16. What is b(-24)?
272
Let b(t) = 441*t - 72240. Give b(163).
-357
Let n(y) = -2*y**3 - 50*y**2 - 566*y - 44301. Calculate n(-35).
9
Let i(l) = -l**2 + 23645*l + 1517364. Give i(-64).
-12
Let g(d) = 5238*d - 162350. Determine g(31).
28
Let m(n) = 6*n**2 + 7831*n + 23506. Calculate m(-3).
67
Let t(a) = -10*a**3 - 949*a**2 + 1026*a + 88446. Determine t(-95).
1
Let p(q) = 278151*q + 12794937. Give p(-46).
-9
Let o(i) = 174006*i + 1044042. Give o(-6).
6
Let k(v) = -12*v**3 + 204*v**2 + 212*v + 91. Determine k(18).
19
Let h(i) = -i**3 + 3*i**2 - 395*i + 1523. What is h(4)?
-73
Let h(r) = 6017*r - 1335757. Give h(222).
17
Let r(p) = p**3 - 6*p**2 - 574*p - 72. Calculate r(-21).
75
Let j(w) = w**2 + 155*w + 4082. Calculate j(-105).
-1168
Let b(p) = 10*p**2 - 2394*p + 3314. Determine b(238).
-18
Let i(n) = -2*n**2 - 2472*n - 589802. Determine i(-323).
-4
Let t(o) = -201929*o + 1211611. What is t(6)?
37
Let c(p) = -36*p**2 - 3*p - 54. What is c(-4)?
-618
Let o(u) = -2*u**2 - 557*u - 31679. Calculate o(-199).
-38
Let a(x) = -3458*x - 201104. Determine a(-58).
-540
Let v(n) = 34*n**2 + 1052*n - 45. What is v(-31)?
17
Let c(n) = -89308*n - 178541. Give c(-2).
75
Let l(f) = 265906*f + 797736. What is l(-3)?
18
Let c(j) = -8911*j - 26670. Determine c(-3).
63
Let t(k) = -k**3 - 160*k**2 + 464*k + 22676. Determine t(-162).
-4
Let b(f) = -480*f - 23895. Calculate b(-49).
-375
Let n(r) = -3971*r - 29. Determine n(0).
-29
Let d(p) = 2*p**2 - 861*p - 975321. What is d(946)?
5
Let h(t) = -7*t**2 + 326*t - 1348. Calculate h(42).
-4
Let j(y) = -40*y + 358. Calculate j(-1).
398
Let y(g) = -g**2 + 93871*g - 844758. Give y(9).
0
Let m(k) = 330*k - 13791. Determine m(42).
69
Let q(s) = -187767*s - 2253210. Calculate q(-12).
-6
Let x(b) = b**2 + 1183*b - 32717. What is x(27)?
-47
Let q(c) = -c**3 - 12*c**2 - 29*c - 2535. Determine q(-21).
2043
Let i(b) = -2*b**2 - 118872*b + 2021358. Determine i(17).
-44
Let o(j) = 13*j**3 - 239*j**2 - 148*j - 53. Determine o(19).
23
Let d(i) = -14043*i - 9436891. What is d(-672)?
5
Let u(q) = -9920*q + 158147. Give u(16).
-573
Let j(l) = -l**3 + 168*l**2 - 812*l - 284. Determine j(163).
205
Let y(p) = -10433*p - 31299. Determine y(-3).
0
Let d(i) = 5*i**3 - 206*i**2 + 604*i + 81. Determine d(38).
-71
Let y(r) = -2*r**3 - 403*r**2 - 12298*r + 328. Calculate y(-164).
0
Let x(z) = 4*z**2 + 21*z - 113. Determine x(-22).
1361
Let u(l) = -757503*l + 12877575. What is u(17)?
24
Let c(x) = -909*x + 15471. Calculate c(19).
-1800
Let o(n) = 3*n**2 - 13934*n - 97680. What is o(-7)?
5
Let o(p) = -5*p**3 + 907*p**2 - 514*p + 27517. What is o(181)?
5
Let p(n) = 23*n**2 + 82*n + 10. Calculate p(-8).
826
Let k(t) = 5*t**2 - 70*t - 18972. Give k(69).
3
Let c(g) = -731594*g + 5852760. Give c(8).
8
Let k(b) = 162*b + 10995. Give k(-88).
-3261
Let w(v) = -v**3 - 2*v**2 + v + 350. Determine w(-13).
2196
Let a(m) = 4*m**3 - 509*m**2 - 445*m + 7806. Determine a(128).
-2
Let g(l) = -25093*l + 75044. Determine g(3).
-235
Let h(n) = -15415*n**2 + 123321*n + 1. What is h(8)?
9
Let m(k) = 8*k**3 + 667*k**2 - 153*k + 22436. Give m(-84).
8
Let s(n) = -1924*n + 43292. Determine s(23).
-960
Let a(l) = -38*l**2 - 19967*l - 8931. Give a(-525).
-6
Let i(r) = r**3 - 42*r**2 - 646*r + 28478. Calculate i(41).
311
Let c(o) = 2*o**2 + 22827*o + 68482. What is c(-3)?
19
Let l(q) = -2*q**2 - 24234*q + 96940. Calculate l(4).
-28
Let k(v) = 38132*v - 533805. Calculate k(14).
43
Let q(c) = -41312*c - 8758132. What is q(-212)?
12
Let p(q) = -119258*q + 954058. Give p(8).
-6
Let d(l) = -2051*l + 12241. What is d(6)?
-65
Let n(g) = 69*g**3 + 215*g**2 - 230*g - 777. What is n(-3)?
-15
Let d(l) = 37348*l + 2315581. Give d(-62).
5
Let s(h) = h**3 - 5*h**2 + 123*h - 765. Give s(6).
9
Let j(t) = t**3 - 29*t**2 - 328*t + 9587. What is j(30)?
647
Let q(a) = 161*a + 212. Give q(-5).
-593
Let b(j) = 474*j + 115946. Give b(-245).
-184
Let b(d) = d**3 - 110*d**2 - 322*d - 1598. Give b(113).
323
Let i(z) = -27*z**2 + 2669*z + 308. Give i(99).
-88
Let m(v) = -4*v**3 - 10*v**2 + 14*v - 364. Calculate m(-6).
56
Let n(k) = k**2 + 607*k - 4844. What is n(8)?
76
Let o(t) = -5858118*t + 5858113. Give o(1).
-5
Let j(l) = 405192*l - 1620760. What is j(4)?
8
Let p(n) = -12*n**3 + 3031*n**2 + 1272*n - 1816. What is p(253)?
-45
Let m(n) = -2*n**3 - 72*n**2 - 71*n - 18. Calculate m(-35).
17
Let s(y) = -23*y**3 + 405*y**2 - 406*y + 3. What is s(1)?
-21
Let u(k) = 244*k - 47810. What is u(196)?
14
Let m(t) = 15*t**2 + 224*t + 266. What is m(-11)?
-383
Let p(g) = -12*g**3 - 97*g**2 + 69*g + 670. Calculate p(-8).
54
Let n(h) = h**3 - 101516*h**2 - 203043*h - 12. Determine n(-2).
2
Let c(w) = w**3 + 6*w**2 - 5*w + 3. What is c(6)?
405
Let y(b) = 12648*b + 152763. Give y(-12).
987
Let w(b) = -b**2 - 23*b + 297. What is w(20)?
-563
Let q(y) = y**2 + 23677*y + 496780. What is q(-21)?
4
Let p(u) = 368*u**2 + 50050*u + 283. Determine p(-136).
11
Let y(r) = -2*r**2 + 1393*r + 193651. Calculate y(-119).
-438
Let r(i) = 106*i**2 - 808*i + 847. What is r(6)?
-185
Let v(a) = -2*a**2 - 116*a - 3194. Give v(-35).
-1584
Let b(s) = -8525*s + 42620. Determine b(5).
-5
Let p(v) = 20*v + 1020. What is p(-14)?
740
Let f(v) = -2569*v + 54272. Determine f(22).
-2246
Let i(o) = -411*o**2 - 8226*o - 120. Give i(-20).
0
Let y(r) = -2*r**2 + 960*r - 99627. Give y(152).
85
Let a(h) = 10*h**3 - 111*h**2 - 97*h + 1132. Determine a(11).
-56
Let m(r) = 27*r**3 + 1213*r**2 - 91*r - 31. Determine m(-45).
14
Let d(g) = 3*g**2 + 483*g - 1335. What is d(-159)?
-2289
Let j(x) = -4*x**2 + 441*x - 12112. Give j(58).
10
Let f(d) = -3*d**2 + 82*d + 2470. Determine f(-19).
-171
Let z(h) = h**2 + 6*h - 557. Give z(46).
1835
Let x(w) = -w**2 - 263290*w - 5002152. Give x(-19).
-3
Let y(n) = 2*n**3 + 47*n**2 - 10*n - 118. Calculate y(-24).
-454
Let m(q) = q**3 - 9*q**2 - 2133*q + 625. Determine m(-42).
247
Let m(y) = 2*y**3 - 28*y**2 - 4749*y + 43563. What is m(9)?
12
Let i(n) = -n**2 - 3747*n - 29904. Calculate i(-8).
8
Let w(p) = -8581*p - 43. Calculate w(0).
-43
Let u(g) = 3*g**2 - 743*g - 34533. Determine u(-40).
-13
Let w(o) = -25*o**2 + 880*o - 5437. Determine w(8).
3
Let j(a) = 9718*a + 233245. Determine j(-24).
13
Let z(v) = v**2 + 22*v + 98. What is z(-18)?
26
Let q(u) = 16*u + 2193. Give q(-76).
977
Let f(x) = -10903*x - 32520. Determine f(-3).
189
Let o(u) = -3*u**2 + 237*u + 1044. What is o(85)?
-486
Let o(x)